ose -5*p = -p - 2*x, 4*p + 5*x = 0. Suppose -5*c - t + 24 = p, 5*c - 2*c = 5*t + 20. List the prime factors of z(c).
2, 11
Let x(a) = -5*a - 1. Suppose -18 = 5*z + 2*b, 0*z = -z - 2*b - 10. Let r be x(z). Suppose 209 = 5*t + r. What are the prime factors of t?
2, 5
Let p be (68 - -4)*6/8. Let x = 48 + p. What are the prime factors of x?
2, 3, 17
Let t(g) = -5*g**3 - 3*g**2 - 2*g - 1. Let a = -12 + 9. Let w be t(a). Let c = -78 + w. What are the prime factors of c?
5, 7
Let j = -56 + 455. What are the prime factors of j?
3, 7, 19
Let m be (-4)/(-6) + (-85)/15. Let n(g) be the first derivative of -g**2 + 7*g + 1. List the prime factors of n(m).
17
Suppose -4*g + 2788 = 4*n, -5*g + 2342 + 1134 = 2*n. What are the prime factors of g?
2, 347
Suppose 36*i = a + 41*i - 3417, 5*a - 17173 = -3*i. List the prime factors of a.
7, 491
Suppose 11 + 16 = 5*d - 3*f, 5*f = -20. Suppose -3*n + 91 = 2*y, -83 - 108 = -4*y + d*n. List the prime factors of y.
47
Suppose -2 = b - 4. Suppose b*f = 4*f - 96. List the prime factors of f.
2, 3
Suppose -23*y = 36634 - 171437. List the prime factors of y.
5861
Suppose 3*c = -c + 5232. What are the prime factors of c?
2, 3, 109
Let z = 1434 - -265. List the prime factors of z.
1699
Suppose 0 = 5*z + p - 26, -p + 20 = 3*z + 4*p. Suppose 0 = 3*b - 14 + z. List the prime factors of -1*(-2 - b) - -3.
2
Let p(k) = -5*k**3 - 8*k**2 + 7*k - 5. List the prime factors of p(-6).
5, 149
Let d = 7505 - 3246. What are the prime factors of d?
4259
Let b(h) = 15*h**2 - 87*h + 534. What are the prime factors of b(6)?
2, 3, 23
Suppose q = -2, 4*d + 3*q - 1638 = -2*q. List the prime factors of d.
2, 103
Let x be -4 - (-1 + 1) - 5. Let o = x - -18. List the prime factors of o.
3
Let z = 2065 + -1578. List the prime factors of z.
487
Let i be (-1395)/(-72) - (-6)/(-16). Suppose -i*l = -24*l + 935. What are the prime factors of l?
11, 17
Let n(v) = -v**3 + v**2 + 1. Let l(m) = 4*m**3 - 7*m**2 + 2*m - 2. Let p(t) = -l(t) - 3*n(t). List the prime factors of p(2).
3
Suppose 10*b - 60804 = -44*b. What are the prime factors of b?
2, 563
Let u(i) = 11*i - 14 + 2 - i - 2. List the prime factors of u(5).
2, 3
Let r(z) = -z + 48. What are the prime factors of r(14)?
2, 17
Let a be (-1)/(-4) - (-110)/40. Suppose -2*d - a*d + 15 = 0. What are the prime factors of 2/2 + d + -2?
2
Suppose -7656 = -4*j + 5*n - 4*n, 2*j = -2*n + 3818. What are the prime factors of j?
1913
Let i be (-37)/(-13) + (-10)/(-65). Let s = 2 + i. Suppose -2*p + 5*h - 133 = -6*p, -5*p = -s*h - 155. What are the prime factors of p?
2
Let a = 21 - -168. Let k = -130 + a. List the prime factors of k.
59
Let q be (-46)/(-1) - (-6 - 30/(-5)). Suppose -q*u - 512 = -50*u. List the prime factors of u.
2
Let b = 1142 + -388. List the prime factors of b.
2, 13, 29
Let i(j) = -188*j + 24. List the prime factors of i(-4).
2, 97
Suppose 3*r = w + 4, 5*r - 5 - 3 = 2*w. What are the prime factors of 86 + w + (3 - -1)?
2, 43
Let v = -20 + 24. Suppose 2*k - 631 - 181 = -v*p, 0 = p - 4*k - 185. List the prime factors of p.
3, 67
Let j = -15 + 11. Let g(l) = l**2 + 9*l + 5. Let d be g(j). Let u = d - -31. What are the prime factors of u?
2
What are the prime factors of (0 + 3)*(-2744)/(-24)?
7
Suppose 12*w - 80 = -2*y + 13*w, 5*y + w - 207 = 0. List the prime factors of y.
41
Let q(v) be the third derivative of v**5/60 - v**4/4 - 5*v**3/3 + 54*v**2 + 2*v. Suppose i = -7 + 17. List the prime factors of q(i).
2, 3, 5
Suppose -5*s + 39 = p + p, -2*p + 18 = -2*s. What are the prime factors of p?
2, 3
List the prime factors of 188/329 + 76474/14.
3, 607
Let g(c) = c**2 + 3. Let n be g(0). Let o be 1*n + (5 - 7). List the prime factors of o*(2 + -1 + 10).
11
Let b(k) = 5*k - 7. Let u(q) = -6*q + 7. Let t(m) = 3*b(m) + 2*u(m). Let w be t(6). Suppose w - 1 = l. What are the prime factors of l?
2, 5
List the prime factors of (1 - (-2248)/10) + 76/380.
2, 113
Let s(d) = d**2 - 26*d + 277. List the prime factors of s(16).
3, 13
Let g(m) = -558*m**2 - 2*m - 6 - m + 560*m**2. Suppose 0 = -3*z - 2 - 7. List the prime factors of g(z).
3, 7
Let x be 9/3*(-268)/12. Let v = x + 17. Let r = -36 - v. List the prime factors of r.
2, 7
Let u be 2482/12 - 3/(-18). Let l = u - 128. List the prime factors of l.
79
Let m = -9 - -10. Let d be (m/(-3))/(1/(-81)). Suppose -y - 2*b + d = 9, -72 = -4*y - 4*b. List the prime factors of y.
2, 3
Let q = 689 + -422. List the prime factors of 5*2/30*q.
89
Suppose -10*o - 3*b - 1990 = -12*o, 0 = 2*o + b - 1974. What are the prime factors of o?
23, 43
Let x be (-24 + -1 + -1)/(-1). Let i = -336 + 341. Let j = x - i. List the prime factors of j.
3, 7
Let u(o) = -2*o**3 + 3*o**2 + o. Let m be u(-1). Suppose m*k + 11 = 207. List the prime factors of k.
7
Suppose -t + 1521 = d, 3057 = -4*t + 6*t + 5*d. What are the prime factors of t?
2, 379
What are the prime factors of (-16)/(-6)*(-11)/((-44)/4791)?
2, 1597
Let o be (3 + 1272)/(-3 - (-27)/6). Suppose -o - 239 = -9*z. List the prime factors of z.
11
Let b be (3/(-2))/(5/90). Let w = -1 - b. Let z = w + -14. List the prime factors of z.
2, 3
Suppose l - 50 = -a - a, -5*l - 50 = -2*a. List the prime factors of 4645/a - (-4)/20.
2, 3, 31
What are the prime factors of ((-3)/9)/(8/(-8304))?
2, 173
Let w(r) = r**3 + 7*r**2 - 10*r + 4. Let b be w(-8). Suppose b = -l - 13. Let y = -16 - l. What are the prime factors of y?
17
Let p(q) = -181*q**2 - 3 + 3*q + 178*q**2 - 3 + 0*q - q**3. What are the prime factors of p(-5)?
29
Suppose -5*k = -2492 - 498. List the prime factors of k.
2, 13, 23
Let c(x) = 40*x + 2694. What are the prime factors of c(0)?
2, 3, 449
Let t be (26/39)/((-2)/(-12)). Suppose -2*g = -3*b - 97, t*b = 2*g + g - 144. List the prime factors of g.
2, 11
Let k be (-10228)/(-8)*6*1. Suppose -7*r - 1147 = -k. List the prime factors of r/26 + 4/26.
2, 3
List the prime factors of -1492*1*1/(-4).
373
Suppose 3 = -6*n + 3*n. Let z be ((-28)/(3 - -1))/n. Suppose -2*y - z = -41. List the prime factors of y.
17
Let d be 0 + -1*(-2 + 0). Suppose -d*h + 4 = -h. Suppose -h*p + 7*p = 2*c + 128, -3*p + c = -133. What are the prime factors of p?
2, 23
Let v be (-418)/(-12) + 5/30. Let y = v - 12. What are the prime factors of y?
23
Let o(s) = s**3 - 4*s**2 + s - 26. Let r be o(5). Suppose 0 = -c + r*b + 286, 4*c = -3*b + 318 + 902. What are the prime factors of c?
2, 151
Suppose -4*j = 4*l - 1800, 0 = -2*j - l + 1443 - 541. Let k = -34 - -40. Suppose -k*w + j - 98 = 0. List the prime factors of w.
59
Let g be (-9)/((-2)/6*-3). Let k be 0/(6/g*3). Suppose -3*r - 4*t = -k*r - 164, 3*r = -5*t + 169. List the prime factors of r.
2, 3
Let r be (-4)/(-6)*(-21)/(-1). Let z be ((-10)/(-4))/(7/r). Suppose -z*k = 0, -3*k - 14 = -y - 0*k. What are the prime factors of y?
2, 7
Suppose 1 - 6 = h + 2*g, -5*h - 4*g - 1 = 0. Suppose 8*y - 4*y - 2*a = 28, 0 = -4*y - h*a + 8. Suppose -y*n + 8*n - 93 = 0. What are the prime factors of n?
31
Suppose -4*n + 15 = -n. Suppose 3*g - 982 = -g - 2*z, n*g = -4*z + 1229. What are the prime factors of g?
5, 7
What are the prime factors of 770/10*7/(49/48)?
2, 3, 11
Let v be 4*1*8/4. Suppose -2*h + 0*h + v = 0. Suppose 0*b = h*b - 28. What are the prime factors of b?
7
Let h(z) = -z**3 + 15*z**2 - 7*z + 19. List the prime factors of h(11).
2, 3, 71
List the prime factors of ((-1)/(-2) - 2)/((-21)/12572).
2, 449
Let z be (-4)/6 - (-40)/15. Suppose 128 = z*i + p, -4*i - 2*p = 3*p - 250. List the prime factors of i.
5, 13
Let b(r) = -166*r - 308. List the prime factors of b(-4).
2, 89
Suppose 11*m = 38*m - 20223. What are the prime factors of m?
7, 107
Suppose 109*p - 102*p - 20692 = 0. What are the prime factors of p?
2, 739
Suppose -3*g - g = -192. List the prime factors of 1*((-4)/(-6) - (-16096)/g).
2, 3, 7
Let g = -23 - -57. Let b = 115 + -73. What are the prime factors of 6/b - g/(-7)?
5
Let x = -1456 + 2229. List the prime factors of x.
773
Suppose -72*v + 757 = -71*v. What are the prime factors of v?
757
Let f(o) = 6*o + 7. Let k be f(10). Suppose 112 = 68*h - k*h. List the prime factors of h.
2, 7
Let l(y) = 29*y**2 - 3*y + 10. List the prime factors of l(5).
2, 3, 5
Let o(w) = 73*w - 6. Let c be o(-2). Let p = c + 220. What are the prime factors of p?
2, 17
Let x(s) = 2*s + 49. Let c be 2670/(-135) - 2/9. List the pri